{"id":2979,"date":"2026-03-03T09:18:34","date_gmt":"2026-03-03T09:18:34","guid":{"rendered":"https:\/\/comunidade.aemirandela.pt\/comunidade\/?page_id=2979"},"modified":"2026-03-03T09:18:36","modified_gmt":"2026-03-03T09:18:36","slug":"ficha-de-operacao-2025-2026","status":"publish","type":"page","link":"https:\/\/comunidade.aemirandela.pt\/comunidade\/ficha-de-operacao-2025-2026\/","title":{"rendered":"Ficha de Opera\u00e7\u00e3o 2025\/2026"},"content":{"rendered":"\n<p>Cursos Profissionais: Opera\u00e7\u00e3o Cofinanciada pelo PESSOAS 2030 <\/p>\n\n\n\n<p>Esta opera\u00e7\u00e3o \u00e9 cofinanciada pelo Fundo Social Europeu Mais (FSE+), no \u00e2mbito do Programa PESSOAS 2030 \u2013 Portugal 2030, contribuindo para a promo\u00e7\u00e3o da qualifica\u00e7\u00e3o inicial dos jovens e para o refor\u00e7o do sucesso escolar, da empregabilidade e do prosseguimento de estudos. O apoio da Uni\u00e3o Europeia permite consolidar a oferta formativa do Agrupamento, assegurando oportunidades de forma\u00e7\u00e3o de n\u00edvel 4 do QNQ, alinhadas com as necessidades do territ\u00f3rio e do mercado de trabalho.<\/p>\n\n\n\n<div data-wp-interactive=\"core\/file\" class=\"wp-block-file\"><object data-wp-bind--hidden=\"!state.hasPdfPreview\" hidden class=\"wp-block-file__embed\" data=\"https:\/\/comunidade.aemirandela.pt\/comunidade\/wp-content\/uploads\/2026\/03\/PT2030-Ficha-de-Operacao-A4-Maria-Jose-Pereira_2.pdf\" type=\"application\/pdf\" style=\"width:100%;height:600px\" aria-label=\"Incorpora\u00e7\u00e3o de PT2030-Ficha-de-Operacao-A4-Maria-Jose-Pereira_2.\"><\/object><a id=\"wp-block-file--media-53d133eb-2979-449b-a359-f33b46025bb2\" href=\"https:\/\/comunidade.aemirandela.pt\/comunidade\/wp-content\/uploads\/2026\/03\/PT2030-Ficha-de-Operacao-A4-Maria-Jose-Pereira_2.pdf\">PT2030-Ficha-de-Operacao-A4-Maria-Jose-Pereira_2<\/a><a href=\"https:\/\/comunidade.aemirandela.pt\/comunidade\/wp-content\/uploads\/2026\/03\/PT2030-Ficha-de-Operacao-A4-Maria-Jose-Pereira_2.pdf\" class=\"wp-block-file__button wp-element-button\" download aria-describedby=\"wp-block-file--media-53d133eb-2979-449b-a359-f33b46025bb2\">Descarregar<\/a><\/div>\n","protected":false},"excerpt":{"rendered":"<p>Cursos Profissionais: Opera\u00e7\u00e3o Cofinanciada pelo PESSOAS 2030 Esta opera\u00e7\u00e3o \u00e9 cofinanciada pelo Fundo Social Europeu Mais (FSE+), no \u00e2mbito do &hellip; <\/p>\n","protected":false},"author":1,"featured_media":2981,"parent":0,"menu_order":0,"comment_status":"closed","ping_status":"closed","template":"","meta":{"footnotes":""},"class_list":["post-2979","page","type-page","status-publish","has-post-thumbnail","hentry"],"_links":{"self":[{"href":"https:\/\/comunidade.aemirandela.pt\/comunidade\/wp-json\/wp\/v2\/pages\/2979","targetHints":{"allow":["GET"]}}],"collection":[{"href":"https:\/\/comunidade.aemirandela.pt\/comunidade\/wp-json\/wp\/v2\/pages"}],"about":[{"href":"https:\/\/comunidade.aemirandela.pt\/comunidade\/wp-json\/wp\/v2\/types\/page"}],"author":[{"embeddable":true,"href":"https:\/\/comunidade.aemirandela.pt\/comunidade\/wp-json\/wp\/v2\/users\/1"}],"replies":[{"embeddable":true,"href":"https:\/\/comunidade.aemirandela.pt\/comunidade\/wp-json\/wp\/v2\/comments?post=2979"}],"version-history":[{"count":1,"href":"https:\/\/comunidade.aemirandela.pt\/comunidade\/wp-json\/wp\/v2\/pages\/2979\/revisions"}],"predecessor-version":[{"id":2982,"href":"https:\/\/comunidade.aemirandela.pt\/comunidade\/wp-json\/wp\/v2\/pages\/2979\/revisions\/2982"}],"wp:featuredmedia":[{"embeddable":true,"href":"https:\/\/comunidade.aemirandela.pt\/comunidade\/wp-json\/wp\/v2\/media\/2981"}],"wp:attachment":[{"href":"https:\/\/comunidade.aemirandela.pt\/comunidade\/wp-json\/wp\/v2\/media?parent=2979"}],"curies":[{"name":"wp","href":"https:\/\/api.w.org\/{rel}","templated":true}]}}

Ficha de Operação 2025/2026

<p>Cursos Profissionais: Operação Cofinanciada pelo PESSOAS 2030 </p>



<p>Esta operação é cofinanciada pelo Fundo Social Europeu Mais (FSE+), no âmbito do Programa PESSOAS 2030 – Portugal 2030, contribuindo para a promoção da qualificação inicial dos jovens e para o reforço do sucesso escolar, da empregabilidade e do prosseguimento de estudos. O apoio da União Europeia permite consolidar a oferta formativa do Agrupamento, assegurando oportunidades de formação de nível 4 do QNQ, alinhadas com as necessidades do território e do mercado de trabalho.</p>



<div data-wp-interactive="core/file" class="wp-block-file"><object data-wp-bind--hidden="!state.hasPdfPreview" hidden class="wp-block-file__embed" data="https://comunidade.aemirandela.pt/comunidade/wp-content/uploads/2026/03/PT2030-Ficha-de-Operacao-A4-Maria-Jose-Pereira_2.pdf" type="application/pdf" style="width:100%;height:600px" aria-label="Incorporação de PT2030-Ficha-de-Operacao-A4-Maria-Jose-Pereira_2."></object><a id="wp-block-file--media-53d133eb-2979-449b-a359-f33b46025bb2" href="https://comunidade.aemirandela.pt/comunidade/wp-content/uploads/2026/03/PT2030-Ficha-de-Operacao-A4-Maria-Jose-Pereira_2.pdf">PT2030-Ficha-de-Operacao-A4-Maria-Jose-Pereira_2</a><a href="https://comunidade.aemirandela.pt/comunidade/wp-content/uploads/2026/03/PT2030-Ficha-de-Operacao-A4-Maria-Jose-Pereira_2.pdf" class="wp-block-file__button wp-element-button" download aria-describedby="wp-block-file--media-53d133eb-2979-449b-a359-f33b46025bb2">Descarregar</a></div>

<p>Cursos Profissionais: Operação Cofinanciada pelo PESSOAS 2030 Esta operação é cofinanciada pelo Fundo Social Europeu Mais (FSE+), no âmbito do &hellip; </p>
